{"id":718,"date":"2024-01-29T22:40:48","date_gmt":"2024-01-29T21:40:48","guid":{"rendered":"https:\/\/jag-stal.pl\/?page_id=718"},"modified":"2024-01-30T22:17:31","modified_gmt":"2024-01-30T21:17:31","slug":"wiaty","status":"publish","type":"page","link":"https:\/\/jag-stal.pl\/?page_id=718","title":{"rendered":"Wiaty"},"content":{"rendered":"\n<ol class=\"wp-block-list\">\n<li><strong><\/strong><strong>Wiaty samochodowe<\/strong><\/li>\n<\/ol>\n\n\n\n<p>Rozmiar i kszta\u0142t wiaty samochodowej dostosowujemy do istniej\u0105cej architektury i wymaga\u0144 klienta, co pomaga zachowa\u0107 sp\u00f3jno\u015b\u0107 stylistyczn\u0105. Zastosowanie najwy\u017cszej jako\u015bci materia\u0142\u00f3w oraz zabezpiecze\u0144 skutecznie chroni przed wilgoci\u0105 i skrajnymi temperaturami. Konstrukcja wiaty samochodowej wykonana jest ze stalowych belek. W naszej ofercie mamy kilka rodzaj\u00f3w pokrycia dachowego. W zale\u017cno\u015bci od kszta\u0142tu dachu wykorzystujemy poliw\u0119glany, blach\u0119 trapezow\u0105 lub szk\u0142o.<\/p>\n\n\n\n<ol class=\"wp-block-list\">\n<li><strong><\/strong><strong>Wiaty na rowery<\/strong><\/li>\n<\/ol>\n\n\n\n<p>Do wykonania wiaty na rowery wykorzystujemy r\u00f3\u017cne wysokojako\u015bciowych materia\u0142y: stal &#8211; do skonstruowania stabilnej konstrukcji, szk\u0142o, blach\u0119 trapezow\u0105, poliw\u0119glany &#8211; do zadaszenia oraz bocznej zabudowy. Ponadto stela\u017c jest dodatkowo zabezpieczony przed szkodliwym dzia\u0142aniem wilgoci. Dzi\u0119ki temu wiaty rowerowe naszej produkcji charakteryzuj\u0105 si\u0119 odporno\u015bci\u0105 na niekorzystne czynniki zewn\u0119trzne oraz spe\u0142niaj\u0105 rygorystyczne normy bezpiecze\u0144stwa.<\/p>\n\n\n\n<ol class=\"wp-block-list\">\n<li><strong><\/strong><strong>Wiata dla pal\u0105cych<\/strong><\/li>\n<\/ol>\n\n\n\n<p>Wiata dla palaczy powstaje z wysokiej klasy materia\u0142\u00f3w (szk\u0142o lub poliw\u0119glan), kt\u00f3re zapewniaj\u0105 odporno\u015b\u0107 na dzia\u0142anie niekorzystnych czynnik\u00f3w atmosferycznych oraz uszkodzenia mechaniczne.<\/p>\n\n\n\n<p>Ponadto nasze konstrukcje zabezpieczamy przed korozj\u0105 wykorzystuj\u0105c ocynkowanie ogniowe.<\/p>\n\n\n\n<p>Poprzez zastosowanie odpowiednich materia\u0142\u00f3w i odpowiedniej technologii wiata dla pal\u0105cych zachowuje sw\u00f3j nienaganny stan na d\u0142ugie lata.<\/p>\n\n\n\n<ol class=\"wp-block-list\">\n<li><strong><\/strong><strong>Wiata pod fotowoltaik\u0119<\/strong><\/li>\n<\/ol>\n\n\n\n<p>Wiaty pod panele fotowoltaiczne to stalowe konstrukcje, kt\u00f3re dostosowujemy do indywidualnych wymaga\u0144 naszych klient\u00f3w. Konstrukcje pod panele fotowoltaiczne s\u0105 trwa\u0142e i stabilne. Stanowi\u0105 skuteczn\u0105 ochron\u0119 dla pojazd\u00f3w, a jednocze\u015bnie s\u0105 odporne na dzia\u0142anie silnego wiatru. Wiaty spe\u0142niaj\u0105 rygorystyczne normy bezpiecze\u0144stwa, a szczeg\u00f3\u0142owa specyfikacja techniczna u\u0142atwia dob\u00f3r konkretnych rozwi\u0105za\u0144.<\/p>\n\n\n\n<ol class=\"wp-block-list\">\n<li><strong><\/strong><strong>Zadaszenia tarasowe oraz r\u00f3\u017cnego rodzaju daszki<\/strong><\/li>\n<\/ol>\n\n\n\n<p>Ka\u017cda wykonywana przez nas instalacja jest dopasowana do otoczenia, bez wzgl\u0119du na to, czy mamy do czynienia ze stylem nowoczesnym, minimalistycznym czy klasycznym.<\/p>\n\n\n\n<ol class=\"wp-block-list\">\n<li><strong><\/strong><strong>Mobilne rega\u0142y \u2013 palety wszechstronnego zastosowania<\/strong><\/li>\n<\/ol>\n\n\n\n<p>Palety transportowo-magazynowe produkowane z odpowiednio dobranych gatunk\u00f3w stali, dostarczanych przez najwi\u0119kszych i renomowanych producent\u00f3w stali w Polsce, co umo\u017cliwia obni\u017cenie wagi palety przy jednoczesnym zachowaniu ich nominalnych, dopuszczalnych \u0142adowno\u015bci, wymiar\u00f3w i nie wprowadzaniu zmian w procesie produkcji.<\/p>\n\n\n\n<p>Pozwalaj\u0105 na maksymalne wykorzystanie powierzchni magazynu, a ich budowa umo\u017cliwia sztaplowanie w kilkupoziomowe struktury (maksymalnie 4 poziomy). Wysoko\u015b\u0107 poszczeg\u00f3lnych pi\u0119ter stosu mo\u017cna regulowa\u0107 stosuj\u0105c rury o r\u00f3\u017cnych d\u0142ugo\u015bciach. Ponadto, dzi\u0119ki temu, \u017ce nie s\u0105 przytwierdzane do pod\u0142o\u017ca mo\u017cna je przestawia\u0107 w dowolny spos\u00f3b i w dowolnym czasie.<\/p>\n\n\n\n<div class=\"wp-block-columns is-layout-flex wp-container-core-columns-is-layout-9d6595d7 wp-block-columns-is-layout-flex\">\n<div class=\"wp-block-column is-layout-flow wp-block-column-is-layout-flow\">\n<figure class=\"wp-block-image size-full\"><img decoding=\"async\" width=\"1000\" height=\"667\" src=\"https:\/\/mll7js3swhny.i.optimole.com\/w:auto\/h:auto\/q:mauto\/ig:avif\/https:\/\/jag-stal.pl\/wp-content\/uploads\/2024\/01\/Photogenica-PHX675905704.jpg\" alt=\"\" class=\"wp-image-756\"\/><\/figure>\n<\/div>\n\n\n\n<div class=\"wp-block-column is-layout-flow wp-block-column-is-layout-flow\">\n<figure class=\"wp-block-image size-full\"><img decoding=\"async\" width=\"1000\" height=\"679\" src=\"https:\/\/mll7js3swhny.i.optimole.com\/w:auto\/h:auto\/q:mauto\/ig:avif\/https:\/\/jag-stal.pl\/wp-content\/uploads\/2024\/01\/Photogenica-PHX613204448.jpg\" alt=\"\" class=\"wp-image-753\"\/><\/figure>\n<\/div>\n<\/div>\n\n\n\n<div class=\"wp-block-group alignfull has-background-color has-white-color has-black-background-color has-text-color has-background has-link-color wp-elements-bd7e4222cbd3321b8dbbb48efd0ac548 is-vertical is-content-justification-center is-layout-flex wp-container-core-group-is-layout-8adbaf51 wp-block-group-is-layout-flex\" style=\"min-height:40vh;margin-top:0;margin-bottom:0;padding-top:var(--wp--preset--spacing--60);padding-right:var(--wp--preset--spacing--40);padding-bottom:var(--wp--preset--spacing--60);padding-left:var(--wp--preset--spacing--40)\">\n<div class=\"wp-block-columns alignwide has-small-font-size is-layout-flex wp-container-core-columns-is-layout-9d6595d7 wp-block-columns-is-layout-flex\">\n<div class=\"wp-block-column is-layout-flow wp-block-column-is-layout-flow\">\n<p><\/p>\n\n\n\n<h2 class=\"wp-block-heading has-text-align-center\"><mark style=\"background-color:rgba(0, 0, 0, 0)\" class=\"has-inline-color has-nv-site-bg-color\">Kontakt<\/mark><\/h2>\n\n\n\n<p><\/p>\n\n\n\n<p class=\"has-text-align-center\"><mark style=\"background-color:rgba(0, 0, 0, 0)\" class=\"has-inline-color has-nv-site-bg-color\">Telefony kontaktowe:<br><a href=\"tel:+48577267177\">+48 577 267 177<\/a><br><a href=\"tel: +48609890850\">+48 609 890 850<\/a><br><a href=\"tel:+48785180707\">+48 785 180 707<\/a><\/mark><\/p>\n\n\n\n<p class=\"has-text-align-center\"><mark style=\"background-color:rgba(0, 0, 0, 0)\" class=\"has-inline-color has-nv-text-dark-bg-color\">ul. Marii Sk\u0142odowskiej-Curie 25\/32<br>42-217 Cz\u0119stochowa<\/mark><\/p>\n\n\n\n<p class=\"has-text-align-center\"><a href=\"mailto:biuro@jag-stal.pl\">biuro@jag-stal.pl<\/a><\/p>\n<\/div>\n\n\n\n<div class=\"wp-block-column is-vertically-aligned-center is-layout-flow wp-block-column-is-layout-flow\">\n<figure class=\"wp-block-image size-large\"><img data-opt-src=\"https:\/\/mll7js3swhny.i.optimole.com\/w:1024\/h:639\/q:mauto\/ig:avif\/https:\/\/jag-stal.pl\/wp-content\/uploads\/2023\/10\/tube-898660.jpg\"  decoding=\"async\" width=\"1024\" height=\"639\" src=\"data:image/svg+xml,%3Csvg%20viewBox%3D%220%200%201024%20639%22%20width%3D%221024%22%20height%3D%22639%22%20xmlns%3D%22http%3A%2F%2Fwww.w3.org%2F2000%2Fsvg%22%3E%3Crect%20width%3D%221024%22%20height%3D%22639%22%20fill%3D%22transparent%22%2F%3E%3C%2Fsvg%3E\" alt=\"\" class=\"wp-image-643\"\/><\/figure>\n<\/div>\n<\/div>\n\n\n\n<hr class=\"wp-block-separator has-alpha-channel-opacity\"\/>\n\n\n\n<p class=\"has-text-align-center\"><mark style=\"background-color:rgba(0, 0, 0, 0)\" class=\"has-inline-color has-nv-site-bg-color\">Copyright Jag-Stal 2024<\/mark> <mark style=\"background-color:rgba(0, 0, 0, 0)\" class=\"has-inline-color has-nv-site-bg-color\">|<\/mark> <mark style=\"background-color:rgba(0, 0, 0, 0)\" class=\"has-inline-color has-nv-site-bg-color\">Wykonanie: <a href=\"https:\/\/infotechnology.pl\">InfoTechnology<\/a><\/mark><\/p>\n<\/div>\n","protected":false},"excerpt":{"rendered":"<p>Rozmiar i kszta\u0142t wiaty samochodowej dostosowujemy do istniej\u0105cej architektury i wymaga\u0144 klienta, co pomaga zachowa\u0107 sp\u00f3jno\u015b\u0107 stylistyczn\u0105. Zastosowanie najwy\u017cszej jako\u015bci materia\u0142\u00f3w oraz zabezpiecze\u0144 skutecznie chroni przed wilgoci\u0105 i skrajnymi temperaturami. Konstrukcja wiaty samochodowej wykonana jest ze stalowych belek. W naszej ofercie mamy kilka rodzaj\u00f3w pokrycia dachowego. W zale\u017cno\u015bci od kszta\u0142tu dachu wykorzystujemy poliw\u0119glany, blach\u0119 trapezow\u0105&hellip;&nbsp;<a href=\"https:\/\/jag-stal.pl\/?page_id=718\" class=\"\" rel=\"bookmark\">Czytaj dalej &raquo;<span class=\"screen-reader-text\">Wiaty<\/span><\/a><\/p>\n","protected":false},"author":1,"featured_media":0,"parent":0,"menu_order":0,"comment_status":"closed","ping_status":"closed","template":"","meta":{"neve_meta_sidebar":"","neve_meta_container":"","neve_meta_enable_content_width":"","neve_meta_content_width":0,"neve_meta_title_alignment":"","neve_meta_author_avatar":"","neve_post_elements_order":"","neve_meta_disable_header":"","neve_meta_disable_footer":"on","neve_meta_disable_title":"","_ti_tpc_template_sync":false,"_ti_tpc_template_id":"","footnotes":""},"class_list":["post-718","page","type-page","status-publish","hentry"],"_links":{"self":[{"href":"https:\/\/jag-stal.pl\/index.php?rest_route=\/wp\/v2\/pages\/718","targetHints":{"allow":["GET"]}}],"collection":[{"href":"https:\/\/jag-stal.pl\/index.php?rest_route=\/wp\/v2\/pages"}],"about":[{"href":"https:\/\/jag-stal.pl\/index.php?rest_route=\/wp\/v2\/types\/page"}],"author":[{"embeddable":true,"href":"https:\/\/jag-stal.pl\/index.php?rest_route=\/wp\/v2\/users\/1"}],"replies":[{"embeddable":true,"href":"https:\/\/jag-stal.pl\/index.php?rest_route=%2Fwp%2Fv2%2Fcomments&post=718"}],"version-history":[{"count":3,"href":"https:\/\/jag-stal.pl\/index.php?rest_route=\/wp\/v2\/pages\/718\/revisions"}],"predecessor-version":[{"id":802,"href":"https:\/\/jag-stal.pl\/index.php?rest_route=\/wp\/v2\/pages\/718\/revisions\/802"}],"wp:attachment":[{"href":"https:\/\/jag-stal.pl\/index.php?rest_route=%2Fwp%2Fv2%2Fmedia&parent=718"}],"curies":[{"name":"wp","href":"https:\/\/api.w.org\/{rel}","templated":true}]}}