{"id":724,"date":"2024-01-29T22:43:51","date_gmt":"2024-01-29T21:43:51","guid":{"rendered":"https:\/\/jag-stal.pl\/?page_id=724"},"modified":"2024-01-30T22:17:02","modified_gmt":"2024-01-30T21:17:02","slug":"balustrady-podjazdy-i-porecze-dla-osob-niepelnosprawnych","status":"publish","type":"page","link":"https:\/\/jag-stal.pl\/?page_id=724","title":{"rendered":"Balustrady, podjazdy i por\u0119cze dla os\u00f3b niepe\u0142nosprawnych"},"content":{"rendered":"\n<p>Oferujemy Pa\u0144stwu szerok\u0105 gam\u0119 produkt\u00f3w, kt\u00f3re przeznaczone s\u0105 dla os\u00f3b z ograniczon\u0105 sprawno\u015bci\u0105 kr\u0119gos\u0142upa i ko\u0144czyn dolnych. W sk\u0142ad nich wchodz\u0105:<\/p>\n\n\n\n<ul class=\"wp-block-list\">\n<li>balustrady i por\u0119cze,<\/li>\n\n\n\n<li>uchwyty higieniczno-sanitarne,<\/li>\n\n\n\n<li>podjazdy.<\/li>\n<\/ul>\n\n\n\n<p>Materia\u0142em z kt\u00f3rego wykonujemy powy\u017csze produkty jest stal nierdzewna oraz stal konstrukcyjna malowana we wszystkich kolorach palety RAL.<\/p>\n\n\n<div class=\"wp-block-image\">\n<figure class=\"aligncenter size-full\"><img decoding=\"async\" width=\"1000\" height=\"667\" src=\"https:\/\/mll7js3swhny.i.optimole.com\/w:auto\/h:auto\/q:mauto\/ig:avif\/https:\/\/jag-stal.pl\/wp-content\/uploads\/2024\/01\/Photogenica-PHX64383251.jpg\" alt=\"\" class=\"wp-image-750\"\/><\/figure>\n<\/div>\n\n\n<div class=\"wp-block-group alignfull has-background-color has-white-color has-black-background-color has-text-color has-background has-link-color wp-elements-bd7e4222cbd3321b8dbbb48efd0ac548 is-vertical is-content-justification-center is-layout-flex wp-container-core-group-is-layout-8adbaf51 wp-block-group-is-layout-flex\" style=\"min-height:40vh;margin-top:0;margin-bottom:0;padding-top:var(--wp--preset--spacing--60);padding-right:var(--wp--preset--spacing--40);padding-bottom:var(--wp--preset--spacing--60);padding-left:var(--wp--preset--spacing--40)\">\n<div class=\"wp-block-columns alignwide has-small-font-size is-layout-flex wp-container-core-columns-is-layout-9d6595d7 wp-block-columns-is-layout-flex\">\n<div class=\"wp-block-column is-layout-flow wp-block-column-is-layout-flow\">\n<p><\/p>\n\n\n\n<h2 class=\"wp-block-heading has-text-align-center\"><mark style=\"background-color:rgba(0, 0, 0, 0)\" class=\"has-inline-color has-nv-site-bg-color\">Kontakt<\/mark><\/h2>\n\n\n\n<p><\/p>\n\n\n\n<p class=\"has-text-align-center\"><mark style=\"background-color:rgba(0, 0, 0, 0)\" class=\"has-inline-color has-nv-site-bg-color\">Telefony kontaktowe:<br><a href=\"tel:+48577267177\">+48 577 267 177<\/a><br><a href=\"tel: +48609890850\">+48 609 890 850<\/a><br><a href=\"tel:+48785180707\">+48 785 180 707<\/a><\/mark><\/p>\n\n\n\n<p class=\"has-text-align-center\"><mark style=\"background-color:rgba(0, 0, 0, 0)\" class=\"has-inline-color has-nv-text-dark-bg-color\">ul. Marii Sk\u0142odowskiej-Curie 25\/32<br>42-217 Cz\u0119stochowa<\/mark><\/p>\n\n\n\n<p class=\"has-text-align-center\"><a href=\"mailto:biuro@jag-stal.pl\">biuro@jag-stal.pl<\/a><\/p>\n<\/div>\n\n\n\n<div class=\"wp-block-column is-vertically-aligned-center is-layout-flow wp-block-column-is-layout-flow\">\n<figure class=\"wp-block-image size-large\"><img decoding=\"async\" width=\"1024\" height=\"639\" src=\"https:\/\/mll7js3swhny.i.optimole.com\/w:1024\/h:639\/q:mauto\/ig:avif\/https:\/\/jag-stal.pl\/wp-content\/uploads\/2023\/10\/tube-898660.jpg\" alt=\"\" class=\"wp-image-643\"\/><\/figure>\n<\/div>\n<\/div>\n\n\n\n<hr class=\"wp-block-separator has-alpha-channel-opacity\"\/>\n\n\n\n<p class=\"has-text-align-center\"><mark style=\"background-color:rgba(0, 0, 0, 0)\" class=\"has-inline-color has-nv-site-bg-color\">Copyright Jag-Stal 2024<\/mark> <mark style=\"background-color:rgba(0, 0, 0, 0)\" class=\"has-inline-color has-nv-site-bg-color\">|<\/mark> <mark style=\"background-color:rgba(0, 0, 0, 0)\" class=\"has-inline-color has-nv-site-bg-color\">Wykonanie: <a href=\"https:\/\/infotechnology.pl\">InfoTechnology<\/a><\/mark><\/p>\n<\/div>\n","protected":false},"excerpt":{"rendered":"<p>Oferujemy Pa\u0144stwu szerok\u0105 gam\u0119 produkt\u00f3w, kt\u00f3re przeznaczone s\u0105 dla os\u00f3b z ograniczon\u0105 sprawno\u015bci\u0105 kr\u0119gos\u0142upa i ko\u0144czyn dolnych. W sk\u0142ad nich wchodz\u0105: Materia\u0142em z kt\u00f3rego wykonujemy powy\u017csze produkty jest stal nierdzewna oraz stal konstrukcyjna malowana we wszystkich kolorach palety RAL. Kontakt Telefony kontaktowe:+48 577 267 177+48 609 890 850+48 785 180 707 ul. Marii Sk\u0142odowskiej-Curie 25\/3242-217&hellip;&nbsp;<a href=\"https:\/\/jag-stal.pl\/?page_id=724\" class=\"\" rel=\"bookmark\">Czytaj dalej &raquo;<span class=\"screen-reader-text\">Balustrady, podjazdy i por\u0119cze dla os\u00f3b niepe\u0142nosprawnych<\/span><\/a><\/p>\n","protected":false},"author":1,"featured_media":0,"parent":0,"menu_order":0,"comment_status":"closed","ping_status":"closed","template":"","meta":{"neve_meta_sidebar":"","neve_meta_container":"","neve_meta_enable_content_width":"","neve_meta_content_width":0,"neve_meta_title_alignment":"","neve_meta_author_avatar":"","neve_post_elements_order":"","neve_meta_disable_header":"","neve_meta_disable_footer":"on","neve_meta_disable_title":"","_ti_tpc_template_sync":false,"_ti_tpc_template_id":"","footnotes":""},"class_list":["post-724","page","type-page","status-publish","hentry"],"_links":{"self":[{"href":"https:\/\/jag-stal.pl\/index.php?rest_route=\/wp\/v2\/pages\/724","targetHints":{"allow":["GET"]}}],"collection":[{"href":"https:\/\/jag-stal.pl\/index.php?rest_route=\/wp\/v2\/pages"}],"about":[{"href":"https:\/\/jag-stal.pl\/index.php?rest_route=\/wp\/v2\/types\/page"}],"author":[{"embeddable":true,"href":"https:\/\/jag-stal.pl\/index.php?rest_route=\/wp\/v2\/users\/1"}],"replies":[{"embeddable":true,"href":"https:\/\/jag-stal.pl\/index.php?rest_route=%2Fwp%2Fv2%2Fcomments&post=724"}],"version-history":[{"count":3,"href":"https:\/\/jag-stal.pl\/index.php?rest_route=\/wp\/v2\/pages\/724\/revisions"}],"predecessor-version":[{"id":798,"href":"https:\/\/jag-stal.pl\/index.php?rest_route=\/wp\/v2\/pages\/724\/revisions\/798"}],"wp:attachment":[{"href":"https:\/\/jag-stal.pl\/index.php?rest_route=%2Fwp%2Fv2%2Fmedia&parent=724"}],"curies":[{"name":"wp","href":"https:\/\/api.w.org\/{rel}","templated":true}]}}